ainder when 7257894 is divided by 3826?
3798
What is the remainder when 53080 is divided by 17281?
1237
Calculate the remainder when 76850 is divided by 76720.
130
What is the remainder when 274041 is divided by 1257?
15
What is the remainder when 100078 is divided by 56?
6
Calculate the remainder when 641962 is divided by 6970.
722
Calculate the remainder when 312037 is divided by 3939.
856
Calculate the remainder when 378854 is divided by 1111.
3
What is the remainder when 283768 is divided by 56735?
93
What is the remainder when 2310732 is divided by 71?
37
Calculate the remainder when 1437998 is divided by 287590.
48
Calculate the remainder when 25978 is divided by 25863.
115
Calculate the remainder when 33726582 is divided by 108098.
6
What is the remainder when 16065071 is divided by 4444?
11
Calculate the remainder when 55699009 is divided by 1874.
1855
Calculate the remainder when 1858503 is divided by 40401.
57
Calculate the remainder when 709214 is divided by 118200.
14
What is the remainder when 211221 is divided by 4056?
309
What is the remainder when 39981589 is divided by 377?
362
What is the remainder when 1064711 is divided by 326?
321
Calculate the remainder when 1936996 is divided by 391.
373
What is the remainder when 667221 is divided by 1078?
1017
Calculate the remainder when 31156268 is divided by 1112723.
24
Calculate the remainder when 2545295 is divided by 848420.
35
Calculate the remainder when 1531726547 is divided by 12.
11
What is the remainder when 13453912 is divided by 80?
72
Calculate the remainder when 100886 is divided by 4389.
4328
Calculate the remainder when 23998588 is divided by 83.
51
Calculate the remainder when 521815678 is divided by 2040.
2038
What is the remainder when 293992 is divided by 4453?
94
Calculate the remainder when 2755286 is divided by 15655.
6
Calculate the remainder when 86381 is divided by 27906.
2663
What is the remainder when 319710717 is divided by 21?
18
What is the remainder when 600206 is divided by 1144?
750
Calculate the remainder when 3041611 is divided by 13.
1
What is the remainder when 844748 is divided by 281037?
1637
Calculate the remainder when 2152076 is divided by 239119.
5
What is the remainder when 2416748 is divided by 1123?
52
Calculate the remainder when 70615 is divided by 1572.
1447
What is the remainder when 14857023 is divided by 2122430?
13
What is the remainder when 2334497 is divided by 2334486?
11
What is the remainder when 470254 is divided by 7234?
44
Calculate the remainder when 6302975 is divided by 2160.
95
What is the remainder when 153194 is divided by 38237?
246
Calculate the remainder when 5076072 is divided by 294.
162
Calculate the remainder when 135003 is divided by 44977.
72
Calculate the remainder when 8869110 is divided by 582.
12
What is the remainder when 92278723 is divided by 3135?
3133
What is the remainder when 652901 is divided by 313?
296
What is the remainder when 37569 is divided by 447?
21
Calculate the remainder when 48919 is divided by 88.
79
Calculate the remainder when 1351589 is divided by 856.
821
Calculate the remainder when 149913133 is divided by 12492760.
13
Calculate the remainder when 20885949 is divided by 25.
24
What is the remainder when 6721566 is divided by 519?
516
What is the remainder when 2984604 is divided by 497369?
390
What is the remainder when 6713077 is divided by 429?
85
What is the remainder when 30361316 is divided by 1943?
1941
What is the remainder when 932566 is divided by 202?
134
What is the remainder when 2152857 is divided by 5506?
11
What is the remainder when 2384993 is divided by 433?
29
Calculate the remainder when 327367 is divided by 2976.
7
What is the remainder when 179447 is divided by 2000?
1447
Calculate the remainder when 30055239 is divided by 15027619.
1
Calculate the remainder when 12024459 is divided by 633.
624
What is the remainder when 86239937 is divided by 573?
572
Calculate the remainder when 74867 is divided by 37.
16
Calculate the remainder when 15752300 is divided by 1575229.
10
Calculate the remainder when 703497 is divided by 15592.
1857
What is the remainder when 28861968 is divided by 20155?
8
Calculate the remainder when 398032681 is divided by 3038.
3035
What is the remainder when 223181 is divided by 83?
77
Calculate the remainder when 1069224 is divided by 356310.
294
Calculate the remainder when 172051 is divided by 979.
726
Calculate the remainder when 71901 is divided by 834.
177
Calculate the remainder when 142593467 is divided by 2137.
5
Calculate the remainder when 234400 is divided by 13012.
184
Calculate the remainder when 14390561 is divided by 473.
9
What is the remainder when 59962 is divided by 3444?
1414
What is the remainder when 5829190 is divided by 944?
934
What is the remainder when 246354 is divided by 14036?
7742
What is the remainder when 172235940 is divided by 18703?
13
What is the remainder when 33507 is divided by 88?
67
What is the remainder when 460349 is divided by 51146?
35
Calculate the remainder when 1062399 is divided by 226.
199
What is the remainder when 1703507 is divided by 161?
127
Calculate the remainder when 47122551 is divided by 88.
47
What is the remainder when 13708658 is divided by 136?
130
Calculate the remainder when 48092081 is divided by 5343564.
5
Calculate the remainder when 1069579 is divided by 5977.
5673
What is the remainder when 174462577 is divided by 129?
10
Calculate the remainder when 6343942 is divided by 704881.
13
What is the remainder when 31439133 is divided by 126?
117
Calculate the remainder when 83421 is divided by 1063.
507
Calculate the remainder when 19596103 is divided by 357.
16
Calculate the remainder when 28539963 is divided by 334.
331
Calculate the remainder when 739552 is divided by 129.
124
Calculate the remainder when 2887431 is divided by 146.
135
What is the remainder when 188944 is divided by 11796?
208
What is the remainder when 27824 is divided by 10140?
7544
What is the remainder when 5891550 is divided by 20?
10
Calculate the remainder when 6956065 is divided by 3346.
3077
Calculate the remainder when 123982 is divided by 46.
12
Calculate the remainder when 108440671 is divided by 3184.
3183
What is the remainder when 4053588 is divided by 20?
8
What is the remainder when 98839671 is divided by 8?
7
What is the remainder when 23823795 is divided by 572?
567
What is the remainder when 58321921 is divided by 20507?
13
Calculate the remainder when 82207 is divided by 20507.
179
What is the remainder when 682093 is divided by 752?
29
Calculate the remainder when 60590440 is divided by 41.
25
What is the remainder when 1023050 is divided by 340970?
140
Calculate the remainder when 3777073 is divided by 3319.
51
What is the remainder when 38460090 is divided by 18?
12
What is the remainder when 1055815 is divided by 1084?
1083
Calculate the remainder when 4596582 is divided by 562.
546
What is the remainder when 33861814 is divided by 350?
14
What is the remainder when 389495 is divided by 288?
119
Calculate the remainder when 282386 is divided by 5430.
26
What is the remainder when 31134195 is divided by 431?
48
What is the remainder when 10412342 is divided by 25?
17
What is the remainder when 471080147 is divided by 6173?
6171
Calculate the remainder when 14921 is divided by 4487.
1460
What is the remainder when 11181540 is divided by 196167?
21
Calculate the remainder when 2619468 is divided by 531.
45
Calculate the remainder when 2517431 is divided by 2393.
2388
Calculate the remainder when 39922 is divided by 39808.
114
What is the remainder when 1667525 is divided by 269?
263
Calculate the remainder when 4370728 is divided by 1371.
1351
What is the remainder when 286585236 is divided by 619?
616
Calculate the remainder when 35889863 is divided by 37.
11
What is the remainder when 6070209 is divided by 1805?
1799
What is the remainder when 1229362 is divided by 757?
751
Calculate the remainder when 59907 is divided by 2995.
7
What is the remainder when 38794829 is divided by 1985?
1974
Calculate the remainder when 2959420 is divided by 295941.
10
Calculate the remainder when 14646 is divided by 385.
16
What is the remainder when 252895 is divided by 126291?
313
Calculat